{"id":101,"date":"2020-11-06T10:48:33","date_gmt":"2020-11-06T09:48:33","guid":{"rendered":"http:\/\/www.retouralarchipel.net\/romeree\/?page_id=101"},"modified":"2020-11-07T16:40:08","modified_gmt":"2020-11-07T15:40:08","slug":"la-brasserie-des-eaux-vives","status":"publish","type":"page","link":"http:\/\/www.retouralarchipel.net\/romeree\/batiments\/les-commerces\/la-brasserie-des-eaux-vives\/","title":{"rendered":"La Brasserie des Eaux Vives"},"content":{"rendered":"\n<p>C&rsquo;est dans une grande b\u00e2tisse tr\u00f4nant sur la place du village que la <strong>Brasserie des Eaux Vives<\/strong> s&rsquo;est install\u00e9e en 2015.<\/p>\n\n\n\n<p>Vous y trouverez trois bi\u00e8res brass\u00e9es sur place de fa\u00e7on int\u00e9gralement artisanale : <\/p>\n\n\n\n<ul><li>La Dame Bibiche (bi\u00e8re blonde &#8211; 7\u00b0)<\/li><li>La Dame Bibiche vieillie en barrique<\/li><li>La Bichette (bi\u00e8re blonde &#8211; 5,7\u00b0)<\/li><li>La Monsieur Mouche (bi\u00e8re brune &#8211; 8\u00b0)  <\/li><\/ul>\n\n\n\n<p>&#8230; et de d\u00e9licieuses gel\u00e9es malt\u00e9es \u00ab\u00a0fabrication maison\u00a0\u00bb<\/p>\n\n\n\n<figure class=\"wp-block-image size-large is-style-rounded\"><img loading=\"lazy\" decoding=\"async\" width=\"1024\" height=\"462\" src=\"http:\/\/www.retouralarchipel.net\/romeree\/wp-content\/uploads\/2020\/11\/Brasserie-1024x462.jpg\" alt=\"\" class=\"wp-image-146\" srcset=\"http:\/\/www.retouralarchipel.net\/romeree\/wp-content\/uploads\/2020\/11\/Brasserie-1024x462.jpg 1024w, http:\/\/www.retouralarchipel.net\/romeree\/wp-content\/uploads\/2020\/11\/Brasserie-300x135.jpg 300w, http:\/\/www.retouralarchipel.net\/romeree\/wp-content\/uploads\/2020\/11\/Brasserie-768x346.jpg 768w, http:\/\/www.retouralarchipel.net\/romeree\/wp-content\/uploads\/2020\/11\/Brasserie.jpg 1420w\" sizes=\"(max-width: 767px) 89vw, (max-width: 1000px) 54vw, (max-width: 1071px) 543px, 580px\" \/><figcaption>Photo Brasserie des Eaux Vives<\/figcaption><\/figure>\n\n\n\n<p>N&rsquo;h\u00e9sitez pas \u00e0 y faire un petit tour, suivre une visite guid\u00e9e, d\u00e9guster sur place et emporter de quoi prolonger ce plaisir \u00e0 la maison&#8230;<\/p>\n\n\n\n<p>Leur site Internet : <a rel=\"noreferrer noopener\" href=\"http:\/\/www.brasseriedeseauxvives.be\/\" target=\"_blank\"><strong>http:\/\/www.brasseriedeseauxvives.be\/<\/strong><\/a><\/p>\n\n\n\n<p>Leur page Facebook : <strong><a href=\"https:\/\/www.facebook.com\/brasseriedeseauxvives\/\" target=\"_blank\" rel=\"noopener noreferrer\">https:\/\/www.facebook.com\/brasseriedeseauxvives\/<\/a><\/strong><\/p>\n\n\n\n<p><a href=\"https:\/\/www.facebook.com\/groups\/882200282602943\/\" target=\"_blank\" rel=\"noreferrer noopener\"><strong>Le Facebook des Amis de la Brasserie<\/strong><\/a><\/p>\n","protected":false},"excerpt":{"rendered":"<p>C&rsquo;est dans une grande b\u00e2tisse tr\u00f4nant sur la place du village que la Brasserie des Eaux Vives s&rsquo;est install\u00e9e en 2015. Vous y trouverez trois bi\u00e8res brass\u00e9es sur place de fa\u00e7on int\u00e9gralement artisanale : La Dame Bibiche (bi\u00e8re blonde &#8211; 7\u00b0) La Dame Bibiche vieillie en barrique La Bichette (bi\u00e8re blonde &#8211; 5,7\u00b0) La Monsieur &hellip; <\/p>\n<p class=\"link-more\"><a href=\"http:\/\/www.retouralarchipel.net\/romeree\/batiments\/les-commerces\/la-brasserie-des-eaux-vives\/\" class=\"more-link\">Continuer la lecture<span class=\"screen-reader-text\"> de &laquo;&nbsp;La Brasserie des Eaux Vives&nbsp;&raquo;<\/span><\/a><\/p>\n","protected":false},"author":1,"featured_media":0,"parent":78,"menu_order":0,"comment_status":"closed","ping_status":"closed","template":"","meta":{"footnotes":""},"_links":{"self":[{"href":"http:\/\/www.retouralarchipel.net\/romeree\/wp-json\/wp\/v2\/pages\/101"}],"collection":[{"href":"http:\/\/www.retouralarchipel.net\/romeree\/wp-json\/wp\/v2\/pages"}],"about":[{"href":"http:\/\/www.retouralarchipel.net\/romeree\/wp-json\/wp\/v2\/types\/page"}],"author":[{"embeddable":true,"href":"http:\/\/www.retouralarchipel.net\/romeree\/wp-json\/wp\/v2\/users\/1"}],"replies":[{"embeddable":true,"href":"http:\/\/www.retouralarchipel.net\/romeree\/wp-json\/wp\/v2\/comments?post=101"}],"version-history":[{"count":7,"href":"http:\/\/www.retouralarchipel.net\/romeree\/wp-json\/wp\/v2\/pages\/101\/revisions"}],"predecessor-version":[{"id":152,"href":"http:\/\/www.retouralarchipel.net\/romeree\/wp-json\/wp\/v2\/pages\/101\/revisions\/152"}],"up":[{"embeddable":true,"href":"http:\/\/www.retouralarchipel.net\/romeree\/wp-json\/wp\/v2\/pages\/78"}],"wp:attachment":[{"href":"http:\/\/www.retouralarchipel.net\/romeree\/wp-json\/wp\/v2\/media?parent=101"}],"curies":[{"name":"wp","href":"https:\/\/api.w.org\/{rel}","templated":true}]}}